or of 1078 and 88?
22
Calculate the highest common factor of 84 and 105.
21
What is the greatest common factor of 921 and 15?
3
What is the highest common divisor of 294 and 8127?
21
What is the highest common divisor of 18 and 558?
18
Calculate the greatest common divisor of 2631 and 3.
3
What is the greatest common divisor of 8 and 328?
8
Calculate the greatest common divisor of 12 and 132.
12
Calculate the greatest common divisor of 60 and 73860.
60
Calculate the greatest common factor of 3441 and 279.
93
Calculate the highest common factor of 602 and 266.
14
What is the greatest common factor of 119 and 102?
17
Calculate the highest common divisor of 36 and 96.
12
What is the greatest common factor of 549 and 81?
9
Calculate the highest common factor of 1443 and 39.
39
What is the greatest common divisor of 533 and 574?
41
What is the highest common factor of 21 and 63?
21
What is the highest common factor of 1179 and 2096?
131
Calculate the greatest common factor of 171 and 95.
19
Calculate the greatest common factor of 98 and 7.
7
Calculate the highest common factor of 101 and 1313.
101
What is the highest common divisor of 1392 and 12?
12
What is the highest common factor of 24 and 69?
3
Calculate the greatest common factor of 5134 and 136.
34
What is the greatest common factor of 63 and 1218?
21
Calculate the highest common divisor of 231 and 99.
33
What is the highest common divisor of 121 and 869?
11
Calculate the greatest common divisor of 46 and 161.
23
What is the highest common factor of 16 and 3800?
8
What is the highest common divisor of 9322 and 354?
118
What is the highest common divisor of 173 and 2422?
173
What is the highest common factor of 133 and 35?
7
Calculate the highest common factor of 75 and 165.
15
What is the greatest common divisor of 128 and 4?
4
What is the highest common divisor of 972 and 36?
36
Calculate the highest common factor of 36 and 396.
36
Calculate the highest common factor of 195 and 75.
15
What is the highest common divisor of 171 and 741?
57
Calculate the greatest common factor of 52 and 1066.
26
Calculate the greatest common factor of 161 and 920.
23
Calculate the highest common factor of 935 and 11.
11
What is the highest common factor of 38 and 66?
2
Calculate the highest common divisor of 1696 and 32.
32
What is the greatest common divisor of 228 and 720?
12
What is the highest common divisor of 81 and 72?
9
What is the highest common divisor of 552 and 168?
24
What is the highest common divisor of 348 and 672?
12
What is the highest common divisor of 115 and 4347?
23
Calculate the greatest common factor of 119 and 238.
119
Calculate the highest common factor of 63 and 567.
63
What is the highest common factor of 68 and 782?
34
Calculate the greatest common divisor of 120 and 1104.
24
Calculate the greatest common divisor of 2080 and 364.
52
Calculate the greatest common divisor of 24 and 3684.
12
Calculate the greatest common divisor of 124 and 6634.
62
Calculate the greatest common divisor of 9728 and 76.
76
Calculate the greatest common divisor of 135 and 885.
15
What is the highest common factor of 684 and 48?
12
What is the highest common factor of 16 and 3?
1
What is the greatest common divisor of 150 and 618?
6
Calculate the greatest common factor of 76 and 4.
4
What is the highest common divisor of 12 and 132?
12
What is the greatest common divisor of 49488 and 48?
48
What is the highest common factor of 330 and 99?
33
What is the highest common divisor of 67 and 1809?
67
What is the highest common divisor of 5562 and 378?
54
Calculate the highest common divisor of 3276 and 63.
63
Calculate the greatest common factor of 11 and 341.
11
Calculate the highest common factor of 48 and 48.
48
Calculate the greatest common factor of 4602 and 312.
78
What is the greatest common divisor of 51 and 6681?
51
Calculate the greatest common factor of 1026 and 627.
57
What is the highest common factor of 1449 and 504?
63
Calculate the greatest common divisor of 46 and 4094.
46
Calculate the greatest common divisor of 822 and 54.
6
Calculate the greatest common divisor of 776 and 56.
8
Calculate the highest common factor of 9089 and 244.
61
What is the highest common factor of 203 and 7?
7
Calculate the highest common factor of 66 and 6.
6
Calculate the highest common divisor of 66 and 44.
22
What is the highest common divisor of 5 and 45?
5
What is the greatest common factor of 3483 and 324?
81
What is the greatest common factor of 4 and 964?
4
Calculate the highest common factor of 30 and 18.
6
Calculate the highest common divisor of 2 and 164.
2
Calculate the highest common factor of 169 and 117.
13
What is the greatest common divisor of 621 and 46?
23
What is the greatest common divisor of 1745 and 25477?
349
What is the greatest common divisor of 74 and 1739?
37
What is the greatest common factor of 57 and 3667?
19
What is the highest common divisor of 81 and 459?
27
What is the greatest common factor of 160 and 110?
10
What is the greatest common divisor of 130 and 830?
10
Calculate the highest common factor of 624 and 91.
13
Calculate the highest common factor of 6993 and 37.
37
What is the highest common factor of 53 and 1643?
53
What is the greatest common factor of 487 and 4?
1
What is the highest common factor of 48 and 1816?
8
Calculate the highest common factor of 2 and 1314.
2
What is the highest common factor of 25 and 1?
1
Calculate the greatest common divisor of 1196 and 52.
52
What is the highest common factor of 1271 and 943?
41
What is the highest common factor of 3239 and 41?
41
Calculate the highest common factor of 1157 and 89.
89
Calculate the highest common factor of 31 and 31.
31
What is the greatest common factor of 112 and 32?
16
Calculate the greatest common divisor of 429 and 99.
33
What is the greatest common divisor of 820 and 41?
41
Calculate the highest common divisor of 3405 and 120.
15
What is the greatest common factor of 16 and 326?
2
Calculate the highest common factor of 28 and 49.
7
What is the highest common factor of 5 and 1520?
5
Calculate the greatest common divisor of 42 and 798.
42
What is the highest common factor of 160 and 210?
10
What is the greatest common divisor of 205 and 5?
5
What is the greatest common divisor of 366 and 1403?
61
What is the greatest common factor of 18 and 1152?
18
Calculate the greatest common factor of 1560 and 450.
30
Calculate the highest common factor of 494 and 152.
38
What is the highest common factor of 69 and 1127?
23
What is the highest common divisor of 20 and 108?
4
Calculate the highest common divisor of 154 and 14.
14
Calculate the highest common divisor of 100 and 4.
4
What is the highest common divisor of 56 and 434?
14
Calculate the greatest common divisor of 4108 and 711.
79
Calculate the highest common divisor of 122 and 2.
2
Calculate the greatest common divisor of 68 and 29138.
34
Calculate the highest common factor of 949 and 26.
13
What is the greatest common factor of 96 and 12240?
48
Calculate the greatest common factor of 587 and 1.
1
Calculate the greatest common factor of 34 and 986.
34
What is the greatest common divisor of 42 and 30?
6
What is the highest common divisor of 234 and 126?
18
What is the highest common divisor of 30 and 10?
10
What is the greatest common factor of 120 and 24?
24
What is the greatest common divisor of 2189 and 11?
11
What is the highest common divisor of 969 and 459?
51
Calculate the highest common factor of 18760 and 140.
140
Calculate the highest common factor of 57 and 1596.
57
Calculate the highest common factor of 27 and 675.
27
What is the greatest common divisor of 3029 and 7223?
233
Calculate the highest common factor of 116 and 87.
29
Calculate the greatest common divisor of 560 and 160.
80
Calculate the greatest common divisor of 4307 and 73.
73
What is the greatest common factor of 50 and 6950?
50
Calculate the greatest common factor of 5 and 405.
5
Calculate the highest common factor of 52 and 3848.
52
What is the greatest common factor of 63 and 2331?
63
What is the greatest common divisor of 651 and 279?
93
Calculate the highest common divisor of 680 and 10.
10
What is the highest common factor of 220 and 187?
11
What is the highest common divisor o